 7) in base 13?
-3b82
What is -332 (base 12) in base 16?
-1d6
Convert 118 (base 14) to base 9.
262
Convert -10101100010 (base 2) to base 15.
-61d
Convert 4100 (base 5) to base 4.
20031
-11322 (base 4) to base 12
-276
Convert -583 (base 15) to base 2.
-10011100000
-13100 (base 5) to base 15
-485
Convert 1227 (base 12) to base 11.
15a1
-2a7 (base 16) to base 8
-1247
55130 (base 6) to base 3
101110000
213112 (base 4) to base 13
11b9
33a4 (base 12) to base 16
166c
-1142 (base 5) to base 2
-10101100
Convert -111100110010010 (base 2) to base 3.
-1120200200
What is -1204 (base 9) in base 5?
-12040
40203 (base 8) to base 5
1012030
-221322 (base 4) to base 16
-a7a
What is -2574 (base 8) in base 13?
-840
What is -8cd (base 15) in base 13?
-ba4
Convert -225 (base 8) to base 5.
-1044
What is -20646 (base 7) in base 10?
-5130
What is -33b4 (base 16) in base 3?
-200011020
What is -504444 (base 6) in base 12?
-1b124
1514 (base 6) to base 7
1120
102a (base 12) to base 14
8dc
-2605 (base 8) to base 15
-643
-247 (base 12) to base 10
-343
Convert -252c (base 16) to base 2.
-10010100101100
63a (base 11) to base 10
769
What is -141 (base 5) in base 3?
-1201
What is -121202 (base 3) in base 11?
-381
-1413434 (base 5) to base 6
-343220
What is -1ae8 (base 16) in base 13?
-319b
Convert -200 (base 11) to base 8.
-362
What is -1100011011 (base 2) in base 13?
-492
-2905 (base 10) to base 7
-11320
Convert -4422 (base 8) to base 12.
-1416
Convert 2173 (base 16) to base 5.
233223
What is -20240 (base 8) in base 2?
-10000010100000
45a (base 16) to base 11
923
Convert 320 (base 11) to base 15.
1aa
1569 (base 11) to base 6
13151
Convert 156 (base 7) to base 13.
6c
What is 405 (base 13) in base 10?
681
What is 4441 (base 10) in base 8?
10531
What is 4868 (base 11) in base 15?
1d46
Convert 2310103 (base 5) to base 3.
2002121211
What is -4015 (base 12) in base 7?
-26126
-2372 (base 12) to base 11
-2a93
What is -54 (base 16) in base 12?
-70
What is 54514 (base 8) in base 3?
1011100200
What is 532 (base 11) in base 5?
10030
What is 2a62a (base 12) in base 11?
408a8
279a6 (base 11) to base 16
9b7c
What is 1000200 (base 3) in base 7?
2115
What is -18da2 (base 14) in base 8?
-173122
Convert b954 (base 13) to base 5.
1311012
What is 4037 (base 9) in base 7?
11413
2591 (base 11) to base 16
d27
What is 2a10b (base 12) in base 16?
e61b
Convert 219 (base 10) to base 2.
11011011
Convert -101 (base 15) to base 13.
-145
What is 1a9 (base 12) in base 6?
1133
What is -4be (base 15) in base 9?
-1428
Convert -1704 (base 8) to base 7.
-2545
What is 5b (base 12) in base 5?
241
-2aa7 (base 11) to base 14
-164d
What is -100000 (base 4) in base 14?
-532
-1220222 (base 3) to base 13
-83c
10100101001011 (base 2) to base 7
42551
Convert -101333 (base 5) to base 10.
-3343
What is -261 (base 10) in base 7?
-522
What is -250510 (base 7) in base 3?
-2022220221
What is -dee9 (base 16) in base 10?
-57065
522 (base 8) to base 9
415
-1102 (base 4) to base 10
-82
222022 (base 3) to base 2
1011000110
What is 3134 (base 7) in base 13?
66b
What is -8790 (base 14) in base 7?
-125240
-1200424 (base 6) to base 3
-10011112221
-3340104 (base 5) to base 7
-333240
What is 100221011 (base 3) in base 13?
33ac
Convert -643 (base 10) to base 7.
-1606
What is 22100 (base 7) in base 3?
21121002
Convert -1054 (base 7) to base 3.
-112011
3821a (base 11) to base 15
113a9
201201 (base 3) to base 16
214
Convert -9447 (base 10) to base 3.
-110221220
Convert 2111 (base 11) to base 14.
1039
Convert 28c7 (base 14) to base 7.
30040
-60476 (base 8) to base 16
-613e
13553 (base 10) to base 13
6227
-245451 (base 6) to base 10
-21991
112011 (base 3) to base 16
17e
What is 422 (base 6) in base 3?
12212
22210101 (base 3) to base 16
1909
Convert 1343 (base 9) to base 14.
523
What is 1c2 (base 14) in base 15?
196
What is c611 (base 13) in base 6?
330452
Convert 1450 (base 7) to base 8.
1076
What is -89a (base 14) in base 13?
-a11
-13433 (base 5) to base 13
-680
Convert 122242 (base 6) to base 2.
10101010010010
Convert 2b8 (base 12) to base 11.
35a
2b2 (base 13) to base 3
122220
-16260 (base 8) to base 4
-1302300
-4841 (base 14) to base 16
-3139
-6365 (base 8) to base 13
-1682
Convert -1696 (base 10) to base 15.
-781
-1660 (base 8) to base 14
-4b6
3675 (base 8) to base 15
8c1
-46472 (base 8) to base 9
-30106
Convert 455 (base 15) to base 16.
3d4
-85c (base 14) to base 11
-1270
What is -1111001101101001 (base 2) in base 12?
-30089
Convert -bb (base 12) to base 6.
-355
What is 12105 (base 10) in base 2?
10111101001001
1113013 (base 4) to base 3
21122111
4904 (base 13) to base 15
30c8
What is -5 (base 15) in base 11?
-5
-111000000101 (base 2) to base 10
-3589
Convert -2021211 (base 4) to base 12.
-5119
-101110111 (base 2) to base 7
-1044
Convert 2133220 (base 4) to base 11.
7748
Convert 13010 (base 4) to base 12.
318
What is -11ca (base 14) in base 10?
-3118
Convert 32303 (base 7) to base 10.
8039
112000221 (base 3) to base 6
115211
-c349 (base 16) to base 2
-1100001101001001
What is -5c5 (base 15) in base 6?
-10022
Convert -d (base 15) to base 8.
-15
What is 20131130 (base 4) in base 11?
24042
What is -104 (base 6) in base 10?
-40
What is 3a28 (base 11) in base 2?
1010001110001
Convert -106 (base 7) to base 15.
-3a
31115 (base 8) to base 16
324d
-1646 (base 15) to base 6
-34103
-102220011 (base 3) to base 5
-234141
Convert 1005 (base 11) to base 12.
934
What is 2101112 (base 4) in base 13?
4307
-27 (base 11) to base 16
-1d
What is -5d0 (base 16) in base 4?
-113100
What is 25ba (base 12) in base 7?
15406
Convert -425 (base 12) to base 3.
-211102
Convert -3e3 (base 16) to base 8.
-1743
-20221 (base 3) to base 14
-d5
What is -3d5 (base 16) in base 7?
-2601
Convert -83d (base 15) to base 8.
-3502
-1696 (base 10) to base 12
-b94
Convert -318 (base 14) to base 5.
-4420
Convert -175 (base 15) to base 8.
-517
What is -100110010111 (base 2) in base 10?
-2455
-861 (base 10) to base 5
-11421
-1212222011 (base 3) to base 16
-9124
What is -15561 (base 8) in base 2?
-1101101110001
Convert 582 (base 9) to base 15.
21e
Convert -149 (base 13) to base 7.
-446
What is -391 (base 14) in base 16?
-2cb
Convert 1012120111 (base 3) to base 13.
aa68
What is 120130 (base 4) in base 10?
1564
Convert 1103333 (base 4) to base 2.
1010011111111
204522 (base 7) to base 10
35247
-111000100001 (base 2) to base 15
-1112
-400424 (base 5) to base 14
-4850
Convert -ea9 (base 16) to base 3.
-12011000
What is -12887 (base 12) in base 11?
-18134
-357 (base 14) to base 10
-665
Convert 13aaa (base 14) to base 4.
23321312
-16 (base 14) to base 16
-14
Convert 32130 (base 6) to base 14.
1846
-5daa (base 16) to base 12
-11a62
Convert -afa4 (base 16) to base 6.
-544100
Convert -2ac6 (base 14) to base 11.
-57aa
What is 643 (base 10) in base 11?
535
Convert -330 (base 7) to base 12.
-120
b79 (base 12) to base 8
3215
-1122022 (base 3) to base 2
-10010101100
-1507 (base 9) to base 16
-475
Convert -1001100101 (base 2) to base 12.
-431
-10958 (base 12) to base 7
-121301
Convert 2031 (base 6) to base 8.
703
Convert -11001111010 (base 2) to base 8.
-3172
-202001 (base 5) to base 3
-22220210
What is -55d (base 16) in base 4?
-111131
What is -2a31 (base 14) in base 8?
-16503
-2368 (base 11) to base 10
-3099
What is 1fa1 (base 16) in base 8?
17641
What is -4313 (base 6) in base 11?
-812
What is -375 (base 9) in base 16?
-137
What is -13289 (base 10) in base 13?
-6083
Convert -234153 (base 6) to base 9.
-30846
82 (base 14) to base 4
1302
-2d1 (base 14) to base 5
-4300
Convert 220220211 (base 3) to base 6.
220034
Convert -10000011010011111 (base 2) to base 10.
-67231
What is 2212000 (base 3) in base 4?
200133
Convert 332 (base 16) to base 9.
1108
Convert 20211001 (base 3) to base 10.
4969
3741 (base 9) to base 2
101011100111
What is a50 (base 14) in base 6?
13222
What is 1255 (base 7) in base 5?
3411
What is -2321330 (base 5) in base 2?
-1010010001101010
10011110010 (base 2) to base 4
103302
-44d0 (base 15) to base 7
-60360
What is -1441 (base 5) in base 10?
-246
Convert 1022112 (base 3) to base 9.
1275
Convert -7dc (base 14) to base 4.
-120132
What is 61a2 (base 11) in base 8?
20033
What is -5396 (base 11) in base 8?
-15723
What is 1253 (base 7) in base 10?
479
What is -5642 (base 7) in base 16?
-7f7
C